57*j**2 + 189*j - 4053. What is q(-80)?
27
Let h(w) = w**3 - 93*w**2 - 3517*w + 15636. Give h(121).
27
Let i(t) = 212*t**3 - 4*t**2 + 46*t - 42. Give i(2).
1730
Let b(c) = -2*c**3 - 11*c**2 + 7457*c + 52185. What is b(-7)?
133
Let v(d) = -97656*d - 3515614. Give v(-36).
2
Let n(h) = 116*h - 83. Determine n(2).
149
Let w(x) = 24*x**3 + 651*x**2 + 38*x - 1129. What is w(-27)?
32
Let w(r) = -4613*r + 645829. Determine w(140).
9
Let t(j) = -112*j**2 - 5284*j - 433. Calculate t(-47).
507
Let v(a) = 4128*a - 1704861. Give v(413).
3
Let g(q) = 76271*q - 1144066. Give g(15).
-1
Let k(j) = 363*j - 5079. What is k(14)?
3
Let q(f) = 4269*f + 653157. What is q(-153)?
0
Let i(o) = -15*o**2 - 3246*o - 1273. Calculate i(-216).
23
Let r(y) = -55752*y - 3345119. Calculate r(-60).
1
Let u(r) = 8*r**3 + 46*r**2 + 289*r + 32. Determine u(-7).
-2481
Let i(q) = -197*q**2 - 231*q - 49. Give i(-1).
-15
Let g(u) = 9*u**3 - 8*u**2 - 435*u - 769. Give g(-2).
-3
Let c(p) = 8*p**2 + 206*p - 1461. Determine c(7).
373
Let n(x) = -544*x**3 - x**2 + 21*x - 19. Give n(1).
-543
Let t(y) = 2*y**2 - 2597*y + 153332. Determine t(62).
6
Let y(m) = -m**3 - 10*m**2 + 2730*m - 18283. Calculate y(7).
-6
Let l(h) = 2027*h - 2026998. Calculate l(1000).
2
Let s(m) = m**3 - 11*m**2 - 194*m + 1841. Give s(9).
-67
Let r(t) = -74166*t + 5710794. Determine r(77).
12
Let c(s) = -513*s**3 + 670*s**2 + 5*s - 5. Calculate c(1).
157
Let t(j) = 24*j**2 - 1963*j - 722. What is t(82)?
-312
Let q(j) = -j**2 + 135*j + 263. What is q(140)?
-437
Let r(s) = s**2 + 29*s - 74. Determine r(-31).
-12
Let f(m) = -484*m - 53950. Calculate f(-111).
-226
Let o(t) = -t**3 + 28*t**2 - 71*t - 2036. Calculate o(17).
-64
Let c(h) = -h**3 - 83*h**2 + 1473*h - 37. Determine c(15).
8
Let s(c) = 4*c**2 - 491*c + 377. Determine s(122).
11
Let r(s) = -155*s - 4154. What is r(-31)?
651
Let d(g) = g**3 - 45*g**2 - 417*g - 180. Determine d(53).
191
Let w(d) = 223*d**2 - 634*d - 137. Calculate w(3).
-32
Let v(q) = -135*q - 199. Calculate v(-7).
746
Let r(b) = -77*b**2 - 17037*b - 4413. What is r(-221)?
7
Let p(r) = 118*r**3 + 4955*r**2 - 49*r - 288. Calculate p(-42).
6
Let c(h) = 3*h**3 + 135*h**2 + 1522*h - 266. Give c(-19).
-1026
Let h(w) = -3*w**3 - 406*w**2 + 695*w + 1459. Give h(-137).
89
Let o(u) = -386*u - 103417. Give o(-268).
31
Let u(c) = 131*c**2 + 11*c + 11. What is u(3)?
1223
Let w(r) = -r**2 - 1813*r + 43991. Give w(24).
-97
Let p(b) = -b**3 - 8*b**2 + 222*b + 175. Determine p(-19).
-72
Let s(o) = 65*o**3 - 6*o**2 - 5580*o + 5585. Calculate s(1).
64
Let a(v) = -v**2 + 111*v + 3499. Give a(136).
99
Let x(h) = h**3 + 12*h**2 - 15*h - 2. Give x(2).
24
Let b(w) = 175*w + 8039. Give b(-42).
689
Let t(x) = 24*x**2 - 266*x + 1697. Determine t(9).
1247
Let g(b) = -13*b**2 + 92*b - 515. Determine g(5).
-380
Let b(c) = -1002234*c + 5011118. Calculate b(5).
-52
Let w(g) = -12*g**2 + 151*g + 1712. Calculate w(-7).
67
Let f(o) = 18*o**3 - 1799*o**2 - 851*o + 75094. Determine f(100).
-6
Let c(d) = d**2 - 393*d - 87804. Calculate c(-159).
-36
Let k(p) = -p**2 - 8599*p + 60239. What is k(7)?
-3
Let u(t) = -t**3 + 37*t**2 + 250*t - 5709. Calculate u(39).
999
Let p(n) = n**3 + 25*n**2 + 13826*n + 302723. What is p(-22)?
3
Let b(o) = o**3 + 44*o**2 + 306*o + 184. Determine b(-7).
-145
Let f(i) = -2*i**3 + 12*i**2 + 391*i + 771. What is f(-2)?
53
Let t(r) = 100*r**3 - 5*r**2 + 15*r + 79. Determine t(-3).
-2711
Let u(n) = 208191*n + 8535829. What is u(-41)?
-2
Let k(j) = -40310*j - 524001. Give k(-13).
29
Let i(f) = f**3 - 51*f**2 + 97*f + 2643. Determine i(48).
387
Let g(a) = 652*a + 54188. Calculate g(-83).
72
Let h(w) = -101216*w - 2935247. Give h(-29).
17
Let z(q) = -13*q**2 - 1583*q - 42386. Determine z(-82).
8
Let l(k) = -k**3 + 307*k**2 - 9778*k + 6015. Give l(271).
53
Let x(b) = 1729591*b - 5188772. Give x(3).
1
Let c(z) = 14333*z - 6234897. Give c(435).
-42
Let s(c) = 5574*c + 18920. Calculate s(-3).
2198
Let k(g) = 2223*g + 1749442. What is k(-787)?
-59
Let p(s) = 2*s**3 + 9*s**2 + 129660*s + 648325. What is p(-5)?
0
Let k(c) = -23*c - 60. Give k(-8).
124
Let c(u) = -6*u**3 + 432*u**2 - 5*u + 373. Give c(72).
13
Let y(i) = 21380*i + 149858. Determine y(-7).
198
Let h(j) = -j**3 - 12*j**2 + 33*j + 166. Calculate h(-14).
96
Let r(l) = -801*l + 2608. Calculate r(7).
-2999
Let g(q) = -14219*q + 113856. What is g(8)?
104
Let u(s) = 2*s**2 - 804*s + 26309. What is u(366)?
-43
Let y(m) = m**3 + 73*m**2 + 1318*m + 708. Determine y(-42).
36
Let d(i) = -i**3 - 74*i**2 + 81*i + 382. Give d(-75).
-68
Let t(n) = -n**3 + 138*n - 776. Give t(6).
-164
Let w(c) = -2*c**2 + 1392*c + 122777. Give w(-79).
327
Let v(p) = -p**3 - 3*p**2 + 9*p + 394. Determine v(0).
394
Let s(l) = 8*l**2 - 3371*l - 13432. Calculate s(-4).
180
Let j(t) = -t**2 + 44*t + 4435. Determine j(85).
950
Let n(f) = -f**2 - 375*f + 2620. Calculate n(7).
-54
Let x(v) = -38*v**2 + 181109*v + 181110. Calculate x(-1).
-37
Let y(g) = -10*g**3 - 701*g**2 - 164*g - 6554. Determine y(-70).
26
Let q(g) = 5*g**2 + 7217*g + 273851. Give q(-39).
-7
Let f(c) = -3*c**2 - 2496*c - 385608. What is f(-627)?
-3
Let y(a) = 77*a**2 - 3546*a + 156. Determine y(46).
-28
Let o(j) = 5*j**2 - 307*j + 734. Give o(59).
26
Let a(l) = 9*l**2 + 96*l - 748. What is a(9)?
845
Let u(d) = -2*d**2 + 29*d - 85. Give u(9).
14
Let k(h) = -4*h**3 - 7*h**2 + 3379*h - 5. What is k(0)?
-5
Let w(y) = -4257*y + 898221. Determine w(211).
-6
Let y(o) = -880*o - 15374. Give y(-18).
466
Let v(i) = -89*i - 1882. Determine v(-13).
-725
Let u(f) = -64*f**3 - 2*f**2 + 69*f - 132. Calculate u(2).
-514
Let k(w) = -w**2 + 150*w + 48670. What is k(-158)?
6
Let r(u) = -7860*u + 47119. Determine r(6).
-41
Let b(o) = -60*o**3 - 2*o**2 + 320*o - 949. Give b(3).
-1627
Let y(k) = 51*k**2 + 2489*k + 1761. Determine y(-48).
-207
Let s(f) = -36477*f - 6821196. Calculate s(-187).
3
Let c(o) = o**2 - 3687*o + 935162. Determine c(274).
0
Let p(v) = -2*v**3 + 33*v**2 - 120*v + 1770. Calculate p(16).
106
Let l(s) = -2019*s + 416087. Give l(206).
173
Let f(t) = -t**3 - 60*t**2 + 1802*t + 92808. What is f(-66)?
12
Let m(f) = 1063*f - 25704. Determine m(23).
-1255
Let f(o) = 11972*o**2 + 1352838*o + 223. Calculate f(-113).
-3
Let s(n) = 3*n**3 - 154*n**2 + 158*n - 97. What is s(50)?
-2197
Let g(x) = 133*x**2 - 9108*x + 4360. What is g(68)?
8
Let m(u) = 13*u**3 - 38*u**2 - 14*u + 7. Give m(-3).
-644
Let u(x) = 131906*x + 1978635. Calculate u(-15).
45
Let x(j) = j**3 - 21*j**2 + 52*j + 288. Calculate x(17).
16
Let z(s) = -s**2 + 5229*s - 918527. What is z(182)?
27
Let y(z) = -z**3 - 29*z**2 - 11*z + 725. Give y(-27).
-436
Let s(f) = 149754*f - 4642362. Determine s(31).
12
Let n(z) = 758*z + 49967. Calculate n(-67).
-819
Let u(c) = 11437*c - 914953. Give u(80).
7
Let a(y) = -2*y**2 + 257*y - 2694. Calculate a(11).
-109
Let n(c) = -6*c**2 + 739*c - 22283. Calculate n(32).
-4779
Let t(m) = 80*m - 5540. What is t(73)?
300
Let y(u) = -471*u + 66768. What is y(142)?
-114
Let b(k) = -53475*k - 14919519. What is b(-279)?
6
Let o(r) = 33*r**2 + 4*r + 32. Determine o(6).
1244
Let w(z) = 269*z + 5884. Give w(-22).
-34
Let v(f) = f**2 - 1760*f - 48260. Determine v(-27).
-11
Let i(r) = -2*r**3 - 773*r**2 + 1167*r + 1174. Determine i(-388).
10
Let l(m) = m**3 - 4*m**2 - 916*m - 2739. Give l(-3).
-54
Let s(a) = 4295*a - 626874. Calculate s(146).
196
Let z(c) = -c**3 + 21*c**2 + 31476*c - 157779. Calculate z(5).
1
Let z(d) = -d**3 - 8*d**2 - 152688*d - 916064. What is z(-6)?
-8
Let y(x) = -x**3 + 1519*x**2 - 264918*x - 6. What is y(201)?
-6
Let i(b) = 14*b**2 + 1387*b + 24584. Give i(-76).
36
Let g(p) = 2*p**3 - 203*p**2 - 244*p - 6629. Give g(103).
66
Let h(n) = 296*n - 15111. Determine h(56).
1465
Let t(n) = 30*n**2 - 94*n - 78. Determine t(6).
438
Let o(g) = 7*g + 2409. Give o(-351).
-48
Let w(z) = z**3 + 52*z**2 - 117*z + 435. What is w(-54)?
921
Let k(c) = 17707*c - 548907. What is k(31)?
10
Let x(s) = s**3 - 36*s**2 - 39*s - 511. Give x(38).
895
Let c(s) = -30*s**2 - 9851*s - 153187. What is c(-312)?
5
Let h(j) = -3*j**3 - 7*j**2 - 62*j + 153. Give h(2).
-23
Let t(f) = -f**3 - 25*f**2 + 439*f - 37. Determine t(14).
-1535
Let i(m) = 9*m**3 + 220*m**2 + 649*m - 5. What is i(-3)?
-215
Let d(k) = -k**3 - 33*k**2 - 136*k + 131. What is d(-28)?
19
Let t(g) = 1